17
Let l(o) = o**2 + o - 3. Let v = -3 - -6. Let y be l(v). Suppose 15*a = 239 + 31. Calculate the greatest common divisor of y and a.
9
Let f = 13019 - 12999. What is the greatest common factor of 2460 and f?
20
Suppose 15*i + 7350 = 120*i. Suppose -11*n + 8*n = -60. Calculate the greatest common divisor of n and i.
10
Let g be (28/5)/(-10 - (-808)/80). Suppose 3*u = 10*u - g. What is the highest common divisor of 904 and u?
8
Let j(m) = -9*m**2 + 69*m - 483. Let o(b) = -4*b**2 + 35*b - 241. Let r(k) = 2*j(k) - 5*o(k). Let a be r(11). What is the greatest common divisor of a and 4?
2
Let b = 61 + -16. Suppose 0*r - 9*r = -b. Let s be r/((-25)/(-10)) - -4. What is the highest common factor of 15 and s?
3
Suppose 13*b + 740 = 5*m + 12*b, 148 = m - 4*b. Let w = -76 + m. Let o be w - 0*4/8. What is the highest common factor of o and 8?
8
Suppose 2*o = z + 71, -4 = 4*o + 3*z - 121. Suppose 3*f = -2*t + 45, -117 = -0*t - 4*t + 3*f. Let j = 30 - t. Calculate the highest common divisor of o and j.
3
Suppose 0 = 4*v - 2*u + u - 80, 72 = 4*v + u. Suppose 5*j + v = 79. Let c be ((1 + 3)/4)/((-2)/(-120)). What is the highest common factor of j and c?
12
Suppose 4*h + 2*v - 16262 = 0, -20*h + 5*v = -50632 - 30633. What is the highest common divisor of h and 64?
32
Let w = -238 + 401. Let o = 202 - w. Calculate the highest common divisor of 247 and o.
13
Let u be 16427 + -4 + 0 + 13/((-91)/(-42)). Calculate the greatest common factor of 7 and u.
7
Let a(w) = -2*w**3 - 23*w**2 - 142*w - 81. Let q be a(-13). What is the highest common divisor of 224 and q?
32
Let u be (-1)/(-6)*6 + 194. Suppose 2*k - 803 = -u. Calculate the greatest common factor of 38 and k.
38
Let o be (-532)/(-126) + 2/(-9). Suppose d = o, -2*b - 13*d + 88 = -11*d. Calculate the greatest common divisor of 16 and b.
8
Suppose 20*z + 23 = 4503. Calculate the highest common divisor of 116 and z.
4
Let f(c) be the third derivative of 19/6*c**3 + 0 + 0*c - 10*c**2 - 1/60*c**5 + 1/3*c**4. Let l be f(8). What is the greatest common divisor of l and 57?
19
Let i be (-11)/((-99)/1440)*14/8. Let g be 2080/(-36) + 4/(-18). Let s = -23 - g. What is the highest common factor of i and s?
35
Let u(i) = -84*i + 613. Let v be u(2). Calculate the greatest common factor of v and 5.
5
Suppose 534 - 113 = 22*y - 195. Calculate the highest common factor of 3570 and y.
14
Let s(a) = -12*a + 65. Let y be s(4). Suppose -2*x + y + 1 = 0. What is the highest common divisor of x and 6?
3
Suppose -237*t + 105 = -232*t. Calculate the highest common factor of 11991 and t.
21
Let z(i) = 29*i**2 + 61*i - 10. Let c be z(-6). Suppose 22*u - 80 = c. Calculate the greatest common divisor of 85 and u.
17
Let v(k) = 8*k - 107. Let s be v(8). Let a = 25 - s. What is the greatest common factor of 646 and a?
34
Let a be (42/56)/((-1)/(-4)). Suppose a*h = 14*h - 4950. Calculate the greatest common divisor of h and 18.
18
Let v be (-2)/((-520)/(-39) + -8 + (1 - 7)). Suppose -3*l = -7*l - t + 55, l - 40 = 5*t. Calculate the highest common divisor of v and l.
3
Let d(n) = -25*n - 33. Let f be d(10). Let p = f + 315. Calculate the highest common factor of p and 4.
4
Let o be 4/10*(-630)/7. Let m = 136 + o. Let j = 1518 + -1493. What is the greatest common factor of m and j?
25
Suppose -t = -2*w + 4446, 5*t = -286*w + 283*w + 6708. What is the highest common factor of 210 and w?
42
Let w(p) = p**3 - 25*p**2 + 46*p + 4. Let x be w(23). Suppose -x*v = -9*v + 180. What is the greatest common divisor of v and 8?
4
Let u(z) = -12*z + 632. Let y be u(6). What is the highest common divisor of 32 and y?
16
Suppose 0 = 21*n - 32*n + 20*n - 3267. What is the highest common factor of 9 and n?
3
Let m be (-10)/20 - 1390/4. Let l = 360 + m. What is the greatest common factor of 21 and l?
3
Suppose -u + 114 = 5*m, u + 4*u + 5*m - 590 = 0. Let p = -50 - -84. What is the greatest common factor of u and p?
17
Let u(y) = y**2 + 24*y + 150. Let p be u(-10). Calculate the highest common factor of p and 1730.
10
Suppose -5*d - 65 = -21*g + 16*g, 2*d + 12 = g. Calculate the greatest common factor of 2947 and g.
7
Let z be 9/(-54)*-606 - -23. What is the greatest common divisor of z and 5053?
31
Let z be 364/(-70)*-1*35. Let n = z + -164. Calculate the greatest common factor of 42 and n.
6
Let y = 40 - 35. Suppose -y*o - 44 = -7*o. Let k = 60 - o. Calculate the greatest common factor of k and 57.
19
Let d(o) = o**3 - 10*o**2 + 17*o - 12. Let h be d(12). Calculate the greatest common divisor of 70 and h.
10
Suppose 4*f = -5*y + 78, -4*f - 2*y + 42 = -42. Calculate the highest common factor of 1166 and f.
22
Let m(v) = -4*v**2 - 29*v + 3. Let q be m(-5). Calculate the highest common divisor of q and 13512.
24
Suppose 6*f = 2*f + 5*d + 662, -838 = -5*f + d. What is the highest common factor of 120 and f?
24
Let u be ((-2)/6)/(1/(-39)). Let o = u + 9. Let b = -22386 - -22397. What is the highest common factor of b and o?
11
Suppose q + 0 + 1 = 0. Let k = 994 + -974. Let b be (q*11)/(k/(-180)). Calculate the highest common divisor of 11 and b.
11
Let o(q) = -2*q**2 - 7*q + 8. Let k be o(-4). Suppose 0 = -5*p + 2*p + 3*y + 684, -k*y + 243 = p. What is the greatest common factor of 21 and p?
21
Suppose u - 4*u - 5*k = -122, u = -4*k + 36. Let g(p) = -p**2 + 63*p - 131. Let h be g(u). What is the highest common factor of 15 and h?
15
Let u be 4809 + -8 + (-7 - -24) + 1. Calculate the greatest common divisor of 79 and u.
79
Let c(i) = i**2 + 13*i + 17. Let s be c(-12). Suppose 0 = 8*x - s*x - 768. Suppose 34*l - x = 32*l. Calculate the greatest common divisor of 16 and l.
16
Let s = -475 - -505. What is the highest common factor of s and 880?
10
Let a = 124 - -128. Suppose -16*q - a = -2*q. Let y be (-1130)/q + (1 - (-7)/(-9)). Calculate the greatest common factor of y and 7.
7
Let f be 753 + -15*1/3. Suppose 54*a - 26*a - 1232 = 0. What is the highest common factor of a and f?
44
Suppose 5760 = 10*j + 7*j - j. Calculate the highest common factor of j and 1035.
45
Let j be 8/(-60) - 13406/30. Let t = j - -494. Calculate the highest common factor of t and 893.
47
Suppose -51*i + 53*i - 3*t = 6177, -5*i + t + 15475 = 0. What is the highest common divisor of i and 96?
24
Let q be (-6)/(-5)*(-193 - -258). Suppose 13*a + 702 = 22*a. What is the greatest common divisor of q and a?
78
Let q = -342 - -267. Let c = q - -85. Calculate the highest common factor of c and 430.
10
Suppose -7*m - 31*m - 18*m = -840. What is the highest common factor of m and 45615?
15
Suppose -5*b = -2*f - 466, 5*b - 426 = f - 4*f. Let u be 12*-2*(-54)/8. What is the highest common divisor of b and u?
18
Let g(l) = -16*l + 5. Let z = -512 - -508. Let a be g(z). What is the greatest common factor of a and 391?
23
Suppose 0 = 3*c + 5*s - 512, 87 + 93 = c - 3*s. What is the highest common factor of 3567 and c?
87
Let n be (-17 - -16)/(15/(-112560)). What is the highest common divisor of n and 336?
112
Let n = -49 + 53. Suppose -n*i + 7*i = 4*r, 3*r = -2*i. Suppose -4*l - 3*o = -22, 5*o - 18 = -2*l - i*l. What is the highest common divisor of 2 and l?
2
Let i(v) = -v**2 + 5*v + 10. Let c be i(6). Let s be c/(-6)*9/3 - -20. Calculate the greatest common factor of s and 396.
18
Suppose 30*t - 110 = 61*t - 420. Let u(a) = a**2 + 5*a + 2. Let c be u(-5). What is the greatest common factor of c and t?
2
Suppose 5*j - 140 = -5*u, 5*j - 14 = -19. Let n(t) = 24*t**2. Let z be n(-4). Suppose z = u*k - 25*k. Calculate the greatest common divisor of k and 12.
12
Let l = 77 - 88. Let v = l - -113. Calculate the greatest common divisor of v and 51.
51
Let n be (-18100)/(-35) - 7/49 - -3. Suppose -20 - n = -9*c. What is the greatest common divisor of c and 36?
12
Let c(y) = y**3 - 7*y**2 + 2*y - 6. Let l be c(4). Let o be (-2)/4 - 1403/l. What is the highest common factor of 25 and o?
5
Let d = -17971 + 17992. What is the highest common factor of d and 1435?
7
Let p(h) = -4*h**3 + 3*h**2 + 6*h + 2. Let g be p(-4). Let k = g - 147. Let n = 226 - k. What is the highest common factor of n and 13?
13
Suppose 50*b + 88 = 34*b + 27*b. Let s be 2/(-8) - 129/(-4). Calculate the greatest common factor of s and b.
8
Suppose 0 = -5*r, 0 = 4*k - 5*r - 95 + 7. What is the greatest common divisor of 187 and k?
11
Let y(b) = 